13.
16909513
What are the prime factors of 570007306?
2, 11, 2287, 11329
What are the prime factors of 62584862?
2, 31292431
What are the prime factors of 226545182?
2, 199, 569209
List the prime factors of 208666496.
2, 863, 1889
List the prime factors of 108516128.
2, 7, 484447
List the prime factors of 1842065386.
2, 7, 131576099
List the prime factors of 1937847429.
3, 7, 10253161
List the prime factors of 159148545.
3, 5, 157, 67579
What are the prime factors of 95930526?
2, 3, 823, 19427
List the prime factors of 680239320.
2, 3, 5, 59, 96079
What are the prime factors of 1542886022?
2, 89, 8667899
What are the prime factors of 1861664639?
28579, 65141
List the prime factors of 25768091.
25768091
What are the prime factors of 219787957?
4007, 54851
What are the prime factors of 580738542?
2, 3, 997, 97081
List the prime factors of 1449033809.
1449033809
What are the prime factors of 5655947101?
7, 97, 8329819
What are the prime factors of 329936817?
3, 7, 23, 337, 2027
List the prime factors of 299046382.
2, 107, 281, 4973
List the prime factors of 37998750.
2, 3, 5, 10133
What are the prime factors of 144569392?
2, 11, 563, 1459
List the prime factors of 191857001.
7, 379, 10331
List the prime factors of 1985988827.
1985988827
List the prime factors of 491739831.
3, 11, 4967069
What are the prime factors of 47085182?
2, 23542591
List the prime factors of 8483980644.
2, 3, 2341, 100669
What are the prime factors of 2379432449?
2379432449
List the prime factors of 98992159.
7, 14141737
What are the prime factors of 1098043469?
47, 163, 143329
List the prime factors of 1070380858.
2, 535190429
List the prime factors of 446125597.
67, 227, 29333
List the prime factors of 1038496219.
1038496219
What are the prime factors of 1232129575?
5, 19, 2593957
What are the prime factors of 219977780?
2, 5, 11, 307, 3257
List the prime factors of 1194749362.
2, 31, 1493, 12907
What are the prime factors of 3857921354?
2, 7, 275565811
List the prime factors of 54347259.
3, 73, 248161
List the prime factors of 1330332432.
2, 3, 11, 13, 193813
List the prime factors of 2291457471.
3, 37, 677, 30493
List the prime factors of 120425829.
3, 40141943
List the prime factors of 141465999.
3, 139, 339247
List the prime factors of 1637636984.
2, 23, 8900201
What are the prime factors of 197306985?
3, 5, 13153799
List the prime factors of 4909219037.
3853, 1274129
What are the prime factors of 135985675?
5, 7, 109, 7129
List the prime factors of 185883676.
2, 11, 4224629
What are the prime factors of 76734130?
2, 5, 11, 697583
List the prime factors of 26557206.
2, 3, 13, 340477
List the prime factors of 42509681.
23, 1848247
List the prime factors of 1277469313.
19, 3631, 18517
What are the prime factors of 2571732369?
3, 8171, 11657
What are the prime factors of 308046413?
47, 2137, 3067
List the prime factors of 231570753.
3, 17, 37, 122719
List the prime factors of 19520645.
5, 37, 105517
What are the prime factors of 27926594?
2, 29, 113, 4261
List the prime factors of 380864213.
271, 1405403
List the prime factors of 266332127.
47, 5666641
List the prime factors of 214974666.
2, 3, 229, 52153
List the prime factors of 791131820.
2, 5, 769, 51439
What are the prime factors of 2092813374?
2, 3, 647, 539107
What are the prime factors of 46478850?
2, 3, 5, 11, 17, 1657
What are the prime factors of 133666196?
2, 33416549
What are the prime factors of 290407863?
3, 96802621
List the prime factors of 72574355.
5, 7, 107, 19379
List the prime factors of 2693234723.
2693234723
What are the prime factors of 22475974?
2, 19, 79, 7487
List the prime factors of 387678540.
2, 3, 5, 17, 43, 8839
What are the prime factors of 2868659018?
2, 1434329509
List the prime factors of 825704627.
11, 2861, 26237
What are the prime factors of 2401506650?
2, 5, 48030133
List the prime factors of 48284486.
2, 1033, 23371
List the prime factors of 2061354988.
2, 7, 11, 89, 139, 541
What are the prime factors of 343062702?
2, 3, 2117671
List the prime factors of 71515449.
3, 19, 418219
List the prime factors of 614991195.
3, 5, 7, 13, 179, 839
What are the prime factors of 96216208?
2, 11, 546683
What are the prime factors of 320210130?
2, 3, 5, 17, 139, 4517
List the prime factors of 7884220278.
2, 3, 11, 19, 23, 273359
List the prime factors of 1564366828.
2, 59, 6628673
What are the prime factors of 174372914?
2, 47, 1855031
List the prime factors of 755579239.
26681, 28319
List the prime factors of 1554237664.
2, 7, 991223
List the prime factors of 7816148.
2, 359, 5443
What are the prime factors of 126634048?
2, 61, 163, 199
List the prime factors of 116508042.
2, 3, 7, 37, 67, 373
List the prime factors of 208457718.
2, 3, 7, 4963279
What are the prime factors of 43904522?
2, 41, 347, 1543
What are the prime factors of 7579794587?
7579794587
List the prime factors of 31696874.
2, 11, 17, 84751
List the prime factors of 615347673.
3, 43, 601, 7937
What are the prime factors of 2521235333?
677, 3724129
What are the prime factors of 1896286977?
3, 13, 157, 2647
List the prime factors of 45414869.
45414869
List the prime factors of 78126611.
17, 53, 86711
List the prime factors of 340099097.
13, 47, 556627
What are the prime factors of 103278746?
2, 311, 166043
What are the prime factors of 224755075?
5, 29, 127, 2441
What are the prime factors of 6615480?
2, 3, 5, 29, 1901
What are the prime factors of 2419009950?
2, 3, 5, 7, 449, 733
What are the prime factors of 712058493?
3, 237352831
List the prime factors of 30386688.
2, 3, 73, 271
List the prime factors of 96929651.
7, 13, 47, 131, 173
What are the prime factors of 18031243?
29, 31, 647
List the prime factors of 59173051.
7, 211, 40063
What are the prime factors of 18188034?
2, 3, 883, 3433
List the prime factors of 102968401.
23, 383, 11689
List the prime factors of 145532156.
2, 7, 11, 9643
What are the prime factors of 401353698?
2, 3, 66892283
List the prime factors of 954469950.
2, 3, 5, 7, 909019
List the prime factors of 1469890849.
7, 209984407
List the prime factors of 18012471.
3, 6004157
What are the prime factors of 81520820?
2, 5, 709, 5749
What are the prime factors of 1579682781?
3, 19, 1811, 5101
List the prime factors of 210125617.
13, 19, 850711
What are the prime factors of 371648678?
2, 223, 833293
List the prime factors of 1365013288.
2, 11597, 14713
List the prime factors of 258379289.
7, 36911327
List the prime factors of 4572430244.
2, 1143107561
What are the prime factors of 156858777?
3, 17428753
List the prime factors of 110840105.
5, 23, 269, 3583
What are the prime factors of 47251705?
5, 9450341
What are the prime factors of 3358745776?
2, 209921611
What are the prime factors of 952612374?
2, 3, 7, 17, 113, 11807
What are the prime factors of 123160697?
11, 1017857
List the prime factors of 2025164094.
2, 3, 31, 3049, 3571
What are the prime factors of 124557417?
3, 401, 34513
List the prime factors of 170474349.
3, 56824783
List the prime factors of 3556701525.
3, 5, 13, 137, 26627
List the prime factors of 92974755.
3, 5, 6198317
List the prime factors of 60296795.
5, 13, 927643
What are the prime factors of 6110607455?
5, 23, 53135717
List the prime factors of 62126154.
2, 3, 3451453
List the prime factors of 93559133.
29, 1669, 1933
List the prime factors of 306201471.
3, 3797, 26881
List the prime factors of 137363666.
2, 11, 31, 201413
List the prime factors of 1777136968.
2, 222142121
What are the prime factors of 86200260?
2, 3, 5, 53, 27107
What are the prime factors of 44206074?
2, 3, 11, 8269
What are the prime factors of 436835926?
2, 331, 659873
What are the prime factors of 1073119891?
1073119891
What are the prime factors of 207150376?
2, 4421, 5857
List the prime factors of 47041263.
3, 53, 71, 463
List the prime factors of 4530525.
3, 5, 29, 2083
List the prime factors of 430296066.
2, 3, 41, 127, 4591
What are the prime factors of 195354531?
3, 17, 425609
What are the prime factors of 806965394?
2, 2017, 200041
List the prime factors of 199860842.
2, 99930421
What are the prime factors of 1637441364?
2, 3, 13, 37, 283687
What are the prime factors of 191834307?
3, 7, 17, 37, 47, 103
What are the prime factors of 29001635?
5, 13, 446179
What are the prime factors of 2145467451